 common factor of 3858 and 36?
6
Calculate the greatest common factor of 8840 and 338572.
884
What is the highest common factor of 946 and 214269?
473
What is the greatest common factor of 3724 and 1764?
196
Calculate the greatest common divisor of 2557440 and 222.
222
What is the highest common factor of 11592 and 162624?
168
What is the highest common factor of 9 and 838143?
9
What is the highest common divisor of 410 and 251330?
410
Calculate the greatest common divisor of 294 and 4381629.
147
Calculate the highest common factor of 836 and 514558.
418
Calculate the highest common factor of 725002 and 38.
38
Calculate the highest common factor of 52 and 119938.
26
Calculate the greatest common divisor of 41266 and 27218.
878
What is the highest common divisor of 86094 and 12?
6
What is the greatest common divisor of 622212 and 60?
12
Calculate the highest common divisor of 2112 and 891.
33
Calculate the highest common factor of 250 and 57625.
125
Calculate the greatest common factor of 850 and 1088.
34
What is the greatest common factor of 33 and 96063?
33
Calculate the highest common divisor of 392 and 197176.
392
What is the highest common divisor of 1819005 and 15?
15
Calculate the greatest common factor of 25263 and 63.
63
What is the greatest common divisor of 632953 and 1383?
461
What is the highest common divisor of 13981 and 1804?
451
What is the greatest common divisor of 26978 and 3936?
82
What is the highest common divisor of 9659 and 1396097?
743
What is the highest common factor of 259 and 259?
259
What is the greatest common factor of 19598 and 451?
41
Calculate the greatest common factor of 76 and 15599.
19
Calculate the greatest common factor of 23 and 106490.
23
What is the highest common factor of 165 and 553650?
15
Calculate the highest common factor of 261532 and 22952.
604
What is the highest common divisor of 4086753 and 22?
11
Calculate the highest common divisor of 568 and 664.
8
What is the highest common factor of 4736 and 5476?
148
What is the greatest common factor of 6 and 240528?
6
What is the greatest common factor of 643 and 1941217?
643
What is the highest common divisor of 31805 and 80?
5
Calculate the highest common divisor of 371 and 1891941.
53
What is the greatest common divisor of 87 and 24331?
29
Calculate the highest common divisor of 57800 and 72.
8
Calculate the highest common divisor of 1837 and 2563.
11
Calculate the highest common factor of 138 and 16192.
46
What is the highest common divisor of 14852 and 2256?
188
Calculate the greatest common factor of 4 and 357596.
4
Calculate the highest common factor of 156420 and 18.
18
What is the greatest common divisor of 52 and 200551?
13
Calculate the highest common divisor of 1488709 and 453.
151
Calculate the greatest common divisor of 3944 and 35003.
493
What is the highest common divisor of 42 and 44121?
21
Calculate the greatest common factor of 107388 and 1368.
684
Calculate the greatest common factor of 171 and 589.
19
What is the highest common divisor of 885 and 161365?
295
What is the greatest common factor of 4470 and 3840?
30
Calculate the greatest common factor of 29543 and 899.
31
Calculate the greatest common factor of 78 and 121368.
78
What is the highest common factor of 13 and 326651?
13
What is the greatest common divisor of 314054 and 78?
26
Calculate the highest common factor of 195 and 4991610.
195
Calculate the highest common factor of 430 and 27520.
430
Calculate the highest common divisor of 280300 and 100.
100
Calculate the highest common factor of 36 and 74367.
9
Calculate the greatest common divisor of 5925 and 22989.
237
Calculate the greatest common factor of 188 and 69983.
47
What is the greatest common divisor of 1513 and 92916?
89
What is the highest common factor of 340 and 2140?
20
What is the greatest common factor of 38383 and 8777?
131
Calculate the highest common factor of 556903 and 123.
41
Calculate the highest common factor of 17297 and 2989.
49
Calculate the greatest common divisor of 4756 and 522.
58
Calculate the greatest common divisor of 12 and 38928.
12
Calculate the greatest common factor of 1100 and 2600.
100
What is the greatest common factor of 124512 and 240?
48
What is the greatest common divisor of 11122 and 2822?
166
What is the highest common divisor of 1220 and 1600030?
610
What is the highest common factor of 184 and 119692?
92
Calculate the highest common divisor of 946 and 12384.
86
Calculate the greatest common divisor of 369 and 11849.
41
What is the greatest common divisor of 38963 and 5734?
47
What is the greatest common divisor of 10519 and 3611?
157
What is the greatest common factor of 69498 and 1430?
286
Calculate the greatest common factor of 7502 and 9548.
682
Calculate the highest common divisor of 1715 and 20.
5
Calculate the greatest common divisor of 172121 and 19.
19
What is the greatest common factor of 4 and 5471?
1
Calculate the greatest common divisor of 17150 and 55370.
490
Calculate the highest common factor of 1158 and 1480696.
386
What is the greatest common factor of 320 and 187328?
64
Calculate the highest common factor of 1322 and 154013.
661
What is the highest common factor of 312 and 9336?
24
What is the highest common factor of 2210 and 190?
10
Calculate the highest common factor of 470 and 524050.
470
Calculate the greatest common factor of 10192 and 273.
91
Calculate the greatest common divisor of 88595 and 325.
65
What is the highest common factor of 229 and 676924?
229
What is the greatest common divisor of 240 and 1365?
15
What is the highest common divisor of 3115 and 105?
35
What is the greatest common factor of 195797 and 8425?
337
Calculate the greatest common factor of 763329 and 63.
21
Calculate the greatest common factor of 25477 and 21243.
73
Calculate the greatest common divisor of 55 and 44176.
11
Calculate the greatest common factor of 3768 and 2355.
471
Calculate the greatest common factor of 60 and 7847760.
60
What is the highest common factor of 24064 and 47?
47
Calculate the highest common divisor of 7 and 1152998.
7
Calculate the greatest common divisor of 7616 and 187.
17
Calculate the highest common factor of 4432 and 1080300.
1108
What is the greatest common factor of 59 and 1234162?
59
What is the greatest common factor of 1164 and 183060?
12
Calculate the greatest common factor of 645 and 81055.
215
What is the greatest common factor of 1060200 and 837?
279
Calculate the greatest common factor of 2736 and 70272.
144
Calculate the greatest common divisor of 156 and 424684.
52
Calculate the greatest common factor of 66 and 123486.
66
Calculate the greatest common divisor of 59499 and 1017.
9
What is the highest common factor of 1416 and 20253048?
1416
Calculate the greatest common divisor of 1666 and 329.
7
What is the highest common factor of 266610 and 50?
10
What is the highest common factor of 157833 and 1278?
639
What is the greatest common factor of 1530 and 376992?
306
Calculate the greatest common factor of 5859 and 7938.
189
Calculate the greatest common divisor of 217214 and 1340.
134
Calculate the highest common factor of 12291 and 255.
51
What is the greatest common factor of 3780 and 444?
12
Calculate the greatest common factor of 230769 and 1386.
693
Calculate the highest common divisor of 9480 and 1240.
40
What is the highest common divisor of 810608 and 696?
232
Calculate the highest common factor of 5 and 34015.
5
Calculate the highest common factor of 4878960 and 80.
80
Calculate the greatest common divisor of 58095 and 981.
9
What is the greatest common divisor of 53745 and 30?
15
Calculate the greatest common divisor of 3629360 and 2240.
560
What is the greatest common factor of 1265 and 466510?
55
What is the highest common factor of 14 and 132307?
7
What is the highest common divisor of 774 and 134934?
258
Calculate the highest common divisor of 302685 and 3315.
255
Calculate the highest common divisor of 140912 and 128.
16
Calculate the highest common divisor of 2123449 and 467.
467
What is the highest common factor of 99 and 7101?
9
Calculate the greatest common factor of 416 and 8032.
32
What is the greatest common divisor of 373760 and 5475?
365
Calculate the greatest common divisor of 3750 and 25625.
625
Cal